 factors of w.
7, 47
Let p = 23752 + -11309. What are the prime factors of p?
23, 541
Suppose 3*t = 3*d - 27675, 4*d + 3*t - 54499 = -17627. What are the prime factors of d?
9221
Suppose 155*g - 21951 = 146*g. Suppose 5*t = -3*s + g, -1107 + 138 = -2*t + s. List the prime factors of t.
2, 3
Let v(w) = 5 - 8*w**2 - 5*w**2 - 4*w**2 + w. Let j be v(-4). Let c = 417 + j. What are the prime factors of c?
2, 73
Let c(u) = -10322*u + 294. List the prime factors of c(-1).
2, 1327
Let t(m) = -25*m + 1356. List the prime factors of t(51).
3
Let j = -8671 - -12405. What are the prime factors of j?
2, 1867
Let n be (-117)/(-99) - (-2)/(-22)*2. Let g be ((-1)/n)/(12/(-3792)). Let t = g + -188. What are the prime factors of t?
2
Suppose 0 = 2*a - 6*a - 4*a. Let d be (a - -1)*15/(-1 - -6). What are the prime factors of -2 + 5/d + (-698)/(-6)?
2, 29
Let m(g) = 2*g**2 - 3*g - 394. List the prime factors of m(-53).
7, 769
Let g = 520 - 500. Suppose g*p = -1317 + 17037. List the prime factors of p.
2, 3, 131
Let g = -270 - -591. Let w = 155 + g. What are the prime factors of w?
2, 7, 17
Let n(i) = -i**3 - 7*i**2 + 6*i - 1. Let v be n(-5). Let j = v + 84. Suppose j*r + 421 = 7*r + 5*w, 5 = 5*w. What are the prime factors of r?
2, 13
Let s = 77 + 39. Let h = -106 + s. Suppose -533 = -4*o - 5*w, -5*w - 416 = -3*o + h. What are the prime factors of o?
137
Let s be ((-8)/16)/(1/22). Let j be 2*(-9)/6 - (2 + -3). What are the prime factors of (-51 - s)/(j/4)?
2, 5
Let m(l) = 68*l**2 + 8*l - 21. Let i = -85 - -91. Let j be m(i). Suppose 0 = 2*h + 9*h - j. List the prime factors of h.
3, 5
Suppose 3*r + 9 = 0, 34*f - 4*r = 36*f - 58662. What are the prime factors of f?
3, 7, 11, 127
Let x(s) = -s**3 + 9*s**2 - 9*s - 16. Let z be x(8). What are the prime factors of ((-10152)/63)/(z/21 + 1)?
2, 3, 47
Let d(u) = -u - 32. Let c(p) = -16. Let i(t) = -7*c(t) + 3*d(t). Let y be i(5). What are the prime factors of 1/((72/(-76) + 1)/y)?
19
Let b(z) = 11*z**2 - 19*z + 3. Let a(w) = 13*w + 15. Let i be a(3). Let q = i + -49. List the prime factors of b(q).
3, 61
Let z(f) be the first derivative of 7/2*f**2 + 2/3*f**3 - 14 - 13*f. What are the prime factors of z(-10)?
3, 13
Let d = 486 - 215. Let a = -222 + d. List the prime factors of a.
7
What are the prime factors of ((-113472)/10)/12*-30?
2, 3, 197
List the prime factors of 7120 - 16 - (-5 - 4 - -1).
2, 7, 127
List the prime factors of -93107*(4664/(-924) - 10/(-2))*6.
2, 47, 283
Suppose 51 = -3*g + 186. Suppose 29*q = g*q - 7856. List the prime factors of q.
491
Suppose 155 = -5*n + 1070. Suppose 7*d - 2*d - 867 = -4*u, 0 = -d - 4*u + n. List the prime factors of d.
3, 19
Suppose 0 = 81*a - 149923 - 77039. List the prime factors of a.
2, 3, 467
Let k be (-8367)/(-18) + (119/(-42))/(-17). Let o = -1193 + 1813. Suppose 6*n - 3*n = -5*m + k, -4*n + 5*m + o = 0. What are the prime factors of n?
5, 31
What are the prime factors of (-4352469)/308*-4 + (-24)/42?
5, 7, 17, 19
Suppose 2*b - 4*t - 3109 = 3565, -b + 3323 = 5*t. What are the prime factors of b?
3, 11, 101
Let q(b) = 52*b**2 + 134*b + 46. List the prime factors of q(-10).
2, 3, 7, 31
Suppose 5*w + 368 = 1878. Suppose 4*j - 1733 = -3*l, -l + 4*j + 265 = -w. What are the prime factors of l?
5, 23
Let z(l) = 5*l**2 - l - 1. Let y be z(-1). Suppose 0 = -2*k - 2*k + h + 459, -h + y = 0. List the prime factors of k.
2, 29
Let n(m) = -m**3 - m**2 + 2*m - 56. Let a be n(0). Let s = a - -56. Suppose s = 5*k - 432 - 13. What are the prime factors of k?
89
What are the prime factors of (16/(-12))/(40/(-103752)) - 2/5?
2, 7, 13, 19
Suppose -43545 = 11*k - 135109. What are the prime factors of k?
2, 2081
Let x = 452 - 582. List the prime factors of (14/(-28))/((-2)/(-10))*x.
5, 13
Let v be -24*(-3)/(-12)*-1*-2. List the prime factors of 1/(v/(-262)) + (-14)/(-84).
2, 11
Let s = 21693 + -15041. What are the prime factors of s/1*(-27)/(-108)?
1663
Suppose -3*l - 5*z + 2192 = 0, -3 = -z + 1. Suppose -l = -21*n + 3266. List the prime factors of n.
2, 5, 19
Let u be (-2 + 1)*0/26. Suppose -5*p = i - p - 66, -p - 2 = u. What are the prime factors of i?
2, 37
Let l be (-5)/((-105)/6) - 360/(-63). Suppose -l*t - 2844 = -15*t. What are the prime factors of t?
2, 79
Suppose -112 = -r + 466. Let u = -86 + r. What are the prime factors of u?
2, 3, 41
Suppose -160*l + 161*l = x + 8583, 3*x - 34367 = -4*l. List the prime factors of l.
2, 19, 113
Let p(l) = 8*l**3 + 8*l**2 - 5*l + 7. Let z be p(3). Let b be (-992)/12*(-6)/4. Let n = z - b. What are the prime factors of n?
2, 3, 13
Let g = 581 - 415. Let m = 2334 + -2285. Let t = g - m. List the prime factors of t.
3, 13
What are the prime factors of 104/91 + (-102)/(-21) - -12444?
2, 3, 5, 83
Suppose -6 = -6*h + 6. Suppose 4*q - 24 = -h*q. Suppose -224 + 34 = -4*i + 2*t, -2*i + 80 = q*t. List the prime factors of i.
2, 23
Suppose 21828 = 7*f - 5*f - 4*q, 5*f - 5*q - 54545 = 0. Suppose f = 28*y - 26084. What are the prime factors of y?
1321
Let w be ((-3 - (-4)/12) + 5)*-18. List the prime factors of (-39557)/w - (-5)/(-6).
941
Suppose -14*g - 19*g + 500040 = -3*g. List the prime factors of g.
2, 3, 463
Let y = 450 - 427. Let p(h) = 20*h - 236. What are the prime factors of p(y)?
2, 7
Let s be (-23 - 1)*(-3)/3*1. Let n be 6/s - (-575)/4. Suppose p + n = 3*p. What are the prime factors of p?
2, 3
Suppose 8*h = 9*h - 253. Suppose 401 = 2*m - h. Suppose m = 11*j - 8*j. What are the prime factors of j?
109
Suppose 0 = -a - 2*o + 21, 4*a - o - 53 = 76. Let z = -25 + a. List the prime factors of (z + -3*6)*(-25)/3.
2, 5
Let r(b) = 12*b**2 - 71*b + 500. What are the prime factors of r(37)?
3, 7, 227
Let z be 1 - (0 - 528/2). Suppose 5*y - 1300 = -z. What are the prime factors of y?
3, 23
Suppose -2*a = w - 33254, 5*a + 2*w - 8165 = 74972. List the prime factors of a.
3, 23, 241
Suppose -21625 + 58685 = 20*a. List the prime factors of a.
17, 109
Let n = 33760 - 24079. What are the prime factors of n?
3, 7, 461
Let f = -7044 + 11964. What are the prime factors of f?
2, 3, 5, 41
Let p(m) = m**3 - 12*m**2 + m - 10. Let x be p(12). Suppose -k - 7 = -10. What are the prime factors of (-176)/(-2) - (2/x - k)?
2, 3, 5
Let q = 106 + -104. Let z(c) = c - 1. Let l be z(5). Suppose -l*g - q*k + 37 + 95 = 0, 0 = -g + 5*k + 22. List the prime factors of g.
2
Let w(s) = s**3 + 3*s**2 - s + 3. Let j be w(-4). Let f be -3 - (-5 - j - 13). List the prime factors of (20/f)/(8/324).
3, 5
Let y(t) = 11*t**3 + 9*t**3 + 12 - 4*t**2 - 18*t**3 + 2*t. Let g be y(4). Let w = g - -97. List the prime factors of w.
181
Suppose 5*j - 3*h - 50419 + 2011 = 0, 29028 = 3*j + h. List the prime factors of j.
2, 3, 1613
Suppose -3*f - 9 = -33. Let u = -12 + f. Let m(z) = -2*z**3 - 4*z**2 - 8*z + 4. List the prime factors of m(u).
2, 5
Let u = 414 - 744. Let v = 595 - u. List the prime factors of v.
5, 37
Let v = -6888 - -33911. What are the prime factors of v?
61, 443
Let c(f) = 22196*f**2 - 188*f + 187. What are the prime factors of c(1)?
5, 23, 193
Suppose 7925545 - 2071141 = 174*d. What are the prime factors of d?
2, 16823
Let c = 90961 - 56695. List the prime factors of c.
2, 3, 5711
Let o be ((-67860)/15)/(6/(-4)). Suppose -112 = 11*u - o. List the prime factors of u.
2, 3, 11
Let q be (-9)/(2/3 - (-29)/(-39)). Let r = 213 - q. List the prime factors of r.
2, 3
Let w = 195 - -105. What are the prime factors of -11 + w + 0/1?
17
Suppose -89*j + 416402 = -322209. List the prime factors of j.
43, 193
Let x = 1018 - 666. Suppose 5*w = 783 + x. List the prime factors of w.
227
Let i(w) = 5*w**2 - 13*w + 4. Let c be i(5). Suppose 25 = -k + c. Let f = -7 + k. What are the prime factors of f?
2
Let o be (291/2)/(27/(-4) + 6). Let j = -144 - o. What are the prime factors of j?
2, 5
Let q(a) = -916*a - 2664. What are the prime factors of q(-29)?
2, 5, 239
Let d(i) = -i**3 - 21*i**2 - 17*i + 64. Let g be d(-20). Suppose 2*n + u = 1895, -12*n - g*u = -9*n - 2850. What are the prime factors of n?
2, 11, 43
Let q(y) = -3*y**2 - 21*y. Let v be (-26)/(-4) + -3*(-2)/(-12). Let t be q(v). Let i = -96 - t. List the prime factors of i.
2, 3, 23
Let z(r) = 207 - 441 + 219 + r. Let k be z(29). Suppose -k*c = -13*c - 72. List the prime factors of c.
2, 3
Let v(o) = -5*o**3 - 2*o**2 + 57*o - 19. What are the 